- ((14 + (6 - 18) - -12) + 1 + -8)?
72
(8 - (-1 + 7 + -6)) + 6 - (24 + -32)
22
Calculate -49 - 0 - ((133 - 37) + -105).
-40
11 + (4 + 3 - (-28 + 38)) + -49
-41
What is the value of 43 - -3 - (-12 + 56 - 60)?
62
What is -1 + -2 + 103 + -102 - (-2 - 58)?
58
What is 170 - 131 - (29 - -1) - 88?
-79
What is -44 + (4 - (-30 + 35 - 7))?
-38
Evaluate -2 - (-4 + (-10 - (10 + -14)) - -55).
-47
What is the value of -36 + (2 - (-25 + 92)) - -10?
-91
Evaluate 1 + 15 + -34 + 61 + -55.
-12
Calculate (-1623 - -1616) + 0 + -3 + -2.
-12
Evaluate (56 + 57 - 52) + -17.
44
Calculate 162 + (-94 - 107) - -11.
-28
Calculate 0 + 0 + (32 - (62 + (-13 - 14))).
-3
What is the value of (75 - 106) + (40 - (35 - 16))?
-10
4 - 10 - -7 - (10 + -19 + (2 - 0))
8
What is the value of -145 - (-12 + 10 + (28 + -57 - -9))?
-123
What is 1 + -53 + (-149 - (-38 - 156))?
-7
Calculate -3 + (-6 - (28 - -2)) - (-36 + 14 + 17).
-34
What is (54 + -45 - -66) + -32 - (2 - 0 - 0)?
41
What is the value of (13 - 20) + (14 - 20) + 4 + 10 + 2?
3
What is 33 + (7 - 23) - 65 - (-2 + 4)?
-50
(-73 + 178 - 91 - (1 - 1)) + 88
102
What is the value of (-34 - -52) + -7 - -11?
22
33 + (-21 + 41 + -19 - -17)
51
Evaluate 151 + -146 - (1 - 5) - 35.
-26
What is 32 + (-33 - (-42 + -13 + -19))?
73
-3 - (1 - (5 - (5 - 2)))
-2
(-2 - -32 - (-46 - (57 + -123))) + 108
118
Evaluate 8 + (-106 + 94 - (-10 + -1)) - 58.
-51
What is the value of -10 - ((1 - 34) + -239 + 236)?
26
Calculate -24 + (71 + -74 - (-1 - (-3 - 2) - 1)).
-30
-64 + 68 + (-3 - 20)
-19
What is (-35 - -16 - -30) + 6 - -8?
25
What is -7 + -41 + (155 - 94)?
13
What is -68 + 64 - (-40 + 5)?
31
-902 + 890 + (-1 + 4 - (1 - (-150 + 3)))
-157
-77 - (-28 + (42 - 42))
-49
What is -111 + 16 + 176 - (24 - 0)?
57
Evaluate (-308 - -322) + (-5 - (-25 + 6)).
28
Calculate -86 - 46 - -119 - (0 + -8).
-5
Calculate (-71 - 4) + 695 + -646.
-26
Evaluate -40 + (2 - (1 - (-6 + -2)) - (-440 + 434)).
-41
Evaluate 9 + 46 + -141 + (-1 - -1) + -20.
-106
What is -24 + 3 + (-44 - -64) + 42?
41
What is 97 - (-3 + 5 - 9 - -5 - (-61 + 52))?
90
What is the value of (-19 - (-27 + 21)) + -18 + -9?
-40
Evaluate (-6 + 1 - -6) + (3 - -28 - 167).
-135
Evaluate (-34 + (45 - 24) - 18) + 15.
-16
What is the value of -6 + (-16 - -2 - -1) + (-108 - -112)?
-15
What is -7 - -34 - (44 + -77 + -3)?
63
Calculate -31 + -95 + -57 + 211.
28
-7 + -76 + (-23 - -34) + -2 + -7 + -2
-83
Calculate -1 + -109 + (-6392 - -6606).
104
Calculate (40 - -1 - (118 - 107)) + 23 + -36.
17
Evaluate (31 - 0) + -2 - (-32720 - -32695).
54
What is the value of (-6 - (-2 + 1)) + -9 + (-97 - -150)?
39
What is the value of 16 + (-70 - (3 + 7)) - (19 + -30)?
-53
Evaluate (5 - (-4 + 8)) + -9 - (41 + 4).
-53
Calculate -11 + 0 - (36 - (-16 - -19) - 50).
6
Calculate (47 - 1) + -51 + (16 - -2) + (1 - 2).
12
Evaluate 10 - 0 - (-29 + 52 + -43).
30
-60 + (0 - 26) + 10 + (-5 - 0)
-81
What is -534 + 589 - (2 - (2 + 3 + -2)) - 5?
51
Evaluate (-2 - 2) + (5 - 0 - 30) - (181 + -179).
-31
Evaluate 11 - (-82 + 69) - ((2 - 0) + 2).
20
What is the value of -14 + (-8 - -15 - -11) + 60?
64
Calculate -815 - -931 - (188 + 5).
-77
Evaluate (12 - 17 - 4) + (0 - 0) + -112.
-121
Evaluate (16 + -34 - 6 - (-81 - -46)) + 92.
103
21 + -10 + -12 + 1 + 11
11
Calculate 1 + 2 - -2 - (-55 - -8 - -11) - 8.
33
-7 + (1 - 3 - 37) + (-18 - -6 - -13)
-45
Calculate 114 - (32 - (23 + -43 + 21)).
83
What is the value of 8 + 0 - (76 + -37 + -40) - -28?
37
What is 11 + -7 + (3 - 1) + 23 + -21 + -48?
-40
What is the value of -49 + -38 + 89 - (12 - 2)?
-8
(12 - -14 - 31) + -2 + -5 + 61
49
What is the value of 1255 - 1260 - (2 + -48 + -3)?
44
Evaluate -144 - (31 + -193 + 98).
-80
What is -12 + 32 + -39 + (-1 - -45)?
25
Evaluate -22 + (3 + (-1 - 3) + 11 - (233 - 224)).
-21
What is (-11 - (5 - 2)) + 793 + -776?
3
Evaluate 366 - 284 - (37 + 5 + 3).
37
(68 - 0) + (-15 + 0 - (27 - -85 - 123))
64
What is the value of (-19 - -6 - -30 - 1) + 3 + 5?
24
What is (-105 - (-2 - -4)) + (3 - 5 - (-14 + 11))?
-106
Evaluate 20 + -29 + 48 + -22.
17
-7 - (-221 - (102 - 214))
102
Calculate 25 + -37 + -4 - -39.
23
What is the value of 57 + (-37 - -1) + -39?
-18
What is (-43 + -8 - 3) + 9?
-45
What is 3 - (11 - (0 + -1)) - (16 + -10 + 19)?
-34
-42 - (10 - 1 - (-73 - -16 - -62))
-46
What is -82 - -1 - 4 - -63?
-22
What is the value of -18 - (-204 + 74) - 110?
2
What is the value of (-1 - 18) + -12 + 0 + -9 + 32?
-8
What is the value of -24 + (11 - -22 - 36) + 62?
35
What is (-5 - (11 + -21 + -24)) + 0 + 5?
34
Calculate -1 + 6 + 1 + -11 + (-9 - 8 - -4).
-18
Calculate -2 + (0 - 1) - (-109 + 264 + -115).
-43
7 + 1 - 30 - (177 - 133)
-66
-16 - (-5 - (34 + -19)) - -44
48
0 + -35 + -59 + -27 + -6
-127
What is the value of -20 + 33 + 39 + -25?
27
What is (-2111 - -2107 - (2 + -3 - 13)) + (-24 - -4)?
-10
Calculate 38 - (30 + (45 - 88)) - -51.
102
What is (0 + (-14 - -4) - 2) + 2385 + -2395?
-22
14 - 0 - (-168 - (-27 - 9))
146
Evaluate -11 + (-10 - -17) + 32.
28
What is 5 - (-24 + 48 + -40)?
21
(-2 - -13) + -20 - (2 + -7 - (28 + -88))
-64
Evaluate (23 - 13) + -51 - (-224 + 218).
-35
What is the value of -1398 - -1368 - (5 - -64)?
-99
-23 + 10 + (-6 - -10) + 14
5
Evaluate 189 - (180 - -19) - (-7 - 1).
-2
What is 143 + -140 + -1 + 9 + -3 + -3?
5
Evaluate -2 + -25 + -2 + -2103 + 2074.
-58
Calculate (-9 - (1 + -18)) + (10 - 9 - 5).
4
15 + 58 + 27 + -87
13
What is the value of 42 + (-9 - (-28 - -20)) - 4?
37
6 - (9 - 1) - (2 + 7 + -6 + 68)
-73
Evaluate 7 - (-12 + (20 - 5) - 3) - (23 - -1).
-17
What is -77 + (3 - (2 - (-7 + 12 + 0)) - -8)?
-63
What is the value of 22 + -4 + -3 + 1 + (2 + 9 - 6)?
21
Evaluate 19 + 3 + (-10 - -10 - 12) + 26.
36
What is -1 + (-1 - (-42 + 16)) + -7 + 1?
18
Calculate -23 - (10 - ((-15 - 11) + -5)).
-64
Calculate -1 - ((-4 + 15 - 53) + (26 - 20)).
35
Evaluate (-3728 - -3759) + -2 + -61 + 2.
-30
(67 + -1 - (-123 - -153)) + 20
56
Evaluate 30 + -42 + -3 + 17 - (-5 + 6).
1
What is (0 - -36) + (-3 - 1 - (827 + -835))?
40
Calculate (20 + -42 - -58) + -33.
3
What is (-1 - ((-2 - 1) + -17 + 11)) + -43?
-35
What is the value of -1 + 23 + (155 - (109 + 24))?
44
What is the value of 2 + (10 - 4 - 5 - -2) - (53 - -20)?
-68
Calculate 364 + -351 - (-72 - -4).
81
Evaluate -1 + 11 - (193 + (12 - 25) - 38).
-132
What is (-19 - ((42 - 21) + -62)) + -32 + (3 - -57)?
50
Calculate 6 + -3 + 2 + -4 - (-120 + 49) - 13.
59
What is (-676 + 522 - (-42 - 3)) + -18?
-127
Calculate (4 - -44) + 0 + -206 + 226.
68
Calculate (-46 + 120 - 25) + -61 + (0 - 4).
-16
0 - -3 - (130 - 50 - 75)
-2
What is (0 - -35 - (18 + -18 - 2)) + -13?
24
6 + 1 + -18 + 5 + -8 + 20 - 9
-3
12 + 0 + -50 - (4 - -2) - -10
-34
Evaluate -40 + -35 - (1 + 8 + -4 - (6 - -5)).
-69
Evaluate (-17 - (20 - 34)) + -19 + (3 - 6) + 1.
-24
What is (-15 + 25 - 5) + -61 + 2?
-54
Calculate (-2 - -5 - (-73 - -79)) + -64 + 50.
-17
What is (0 - -21 - (0 - 2) - (16 + -8)) + -14?
1
Calculate -6 + 107 + (-5 - 4) + 12 + (0 - 17).
87
What is the value of 88 + -30 + 33 + (-21 - (-5 - (-2 - -2)))?
75
What is the value of (-2 - (0 - -17)) + 1 + -37 + 42?
-13
Calculate 382 + -359 + 5 + 0.
28
What is (-32 - (-55 - 59)) + -12?
70
1 - -40 - (1 + -7 + 105 + -106)
48
(15 - -28) + -10 + -23 + -80
-70
What is the value of 11 + (-70 + 75 - (-1 + 2 + 16)) + -2?
-3
-23 + (43 - 27) - 10
-17
102 + -67 - 34 - (-1 + -8)
10
Calculate (-544 - -559 - (18 - 0)) + -41.
-44
Calculate -2 + 0 + 6 + 18 + (-2933 - -3030).
119
Calculate (-9 + 11 - -14) + 0 + -93 + 5.
-72
(3338 - 3427) + (1 - -32)
-56
What is the value of -3 - (23 + (-64 - -25) + 7 + -2)?
8
Calculate (0 - 99) + (-26 - -18) - (-13 - -4 - -14).
-112
Calculate 10 + (-44 - -63) - -95.
124
What is 1 - (40 - 16) - (17 - 8)?
-32
4 + -2 + -2 - (-1 - (9 + -15)) - -20
15
What is the value of 61 + -13 + (-17 - -6) + -23 - (21 + 2)?
-9
What is -6 + 3 + -6 - (-18 + (-6 - -2))?
13
What is 6 + -14 - ((3 - 27) + 15 + 1 + -62)?
62
Evaluate -330 - -469 - (58 - 21).
102
Evaluate (-9 - -70) + (-2 - -21) + -1 + 5 + -14.
70
Calculate (2 - 66) + ((9 - -1 - 15) + 15 - 2).
-56
What is the value of -27 + (-2 - (-45 - -66))?
-50
104 - 2 - 56 - (-1 - -10)
37
Evaluate 8 - -4 - (13 + (8 - 5)) - -37.
33
What is -1 - -102 - (-14888 - -15115)?
-126
Evaluate -2 + -2 + 62 + -33 + -42 + -12.
-29
What is -3 + (19 - 7) + (31 - (7 - 11))?
44
Evaluate -22 - (-30 + 22 + -